culate the remainder when v is divided by 15.
13
Suppose -5139 - 211 = -25*m. What is the remainder when m is divided by 76?
62
Suppose -2*d = -3*l - 6*d + 74, -56 = -2*l + 4*d. Calculate the remainder when l is divided by (-196)/(-21) - 1/3.
8
Let b = 570 + -526. What is the remainder when b is divided by (-1)/(2/6) + 15?
8
Let r(s) = 11*s**2 - 5*s + 5. Let n be r(2). Let b = n - 25. Calculate the remainder when 26 is divided by b.
12
Suppose -3*m - m + 12 = 0, -w = -5*m + 9. Let b(q) = 4*q + 10. Let l be b(-3). Calculate the remainder when 7 + (4 + l)/1 is divided by w.
3
Let a = 11 - 8. Suppose i - 4*p - 20 = -3*i, 9 = i - a*p. Suppose h + 4*h - 61 = -3*y, -32 = -2*h - 5*y. What is the remainder when h is divided by i?
2
Suppose 5*w - 128 + 8 = 0. Calculate the remainder when 47 is divided by w.
23
Suppose 13*h = 16*h - 33. Let r(a) = -3*a**3 - 5*a**2 - 5*a - 2. What is the remainder when r(-4) is divided by h?
9
What is the remainder when 407 is divided by ((-10)/5)/(196/204 - 1)?
50
Let g(o) be the first derivative of 2*o**2 - 26*o + 11. What is the remainder when 0/(-1) + 12/1 is divided by g(7)?
0
Suppose 912 = 12*i - 888. Calculate the remainder when i is divided by 19.
17
Let i = -39 + 23. Suppose -y + 23*p - 28*p = -2, 2*p = y + 33. Let b = i - y. Calculate the remainder when b is divided by 2.
1
Let y be (21/14)/((-2)/(-4)). Suppose -4*j - 4 = 0, -o = y*o + j - 459. Calculate the remainder when o is divided by 29.
28
Let i be ((1 + -1)/(-1))/1. Let f(r) = -r**3 + r**2 + 5. Suppose 2*d - 105 = -5*j, 5*j + 2*d - 140 = 7*d. What is the remainder when j is divided by f(i)?
3
Let d be 134/(-10) - (-4)/10. Let c = -2 - d. Suppose -5*k + 4*y = -26, -11 = -2*k + 10*y - 9*y. What is the remainder when c is divided by k?
5
Let d be (-9808)/(-136) - 4/34. Suppose -10*f + 6*f = -d. Calculate the remainder when 35 is divided by f.
17
Let r be (-18)/(-63) + 2/(-7). Suppose -2*q + 5*g - 7*g + 54 = r, 0 = 3*q - 5*g - 121. What is the remainder when q is divided by 9?
5
Suppose 8*t = 3*t - 485. Let j = -73 - t. What is the remainder when 94 is divided by j?
22
Let f(h) = 4*h**2 - h. Let w be f(1). Let i = 7 - -9. Calculate the remainder when (30 + -1)*(4 - w) is divided by i.
13
Suppose 3*z + 93 = 25*o - 23*o, 5*z = 3*o - 139. Calculate the remainder when o is divided by 26.
22
Calculate the remainder when 136 is divided by (-2)/2 - 1 - 1*-50.
40
Let n be 3/(-2) + (12/8)/(-3). Calculate the remainder when 72 is divided by (13/(-2) - 3)/(n/4).
15
Let n(s) = -6*s - 12. Let h be n(-9). Suppose 2 = 4*x - h. What is the remainder when 40 is divided by x?
7
Let t = 180 + -142. Calculate the remainder when 143 is divided by t.
29
Let u be (77 - 0) + (-9)/(-3). Suppose 0 = -7*q + 2*q + u. Calculate the remainder when 76 is divided by q.
12
Suppose 2*y - 26 = -0*y - 4*p, 0 = 2*y + 2*p - 34. Let r = 35 - y. Calculate the remainder when 195/6*(-20)/(-25) is divided by r.
12
Let l = -65 - -132. What is the remainder when l is divided by 18?
13
Let z = 713 - 300. What is the remainder when z is divided by 46?
45
Suppose 48 + 300 = 12*q. Calculate the remainder when 172 is divided by q.
27
Let c(d) = d**3 - 5*d**2 + 7. Let o be c(5). Let b = 8 + o. Let j(h) = -3*h - 110. Calculate the remainder when j(-51) is divided by b.
13
Let y = 23 + -15. Suppose -y = -5*c + 7. What is the remainder when -2 + (-8)/(-3) + 1209/279 is divided by c?
2
Let x(b) = -31*b - 1. Let p(k) = k**3 - 20*k**2 + 19. Calculate the remainder when x(-3) is divided by p(20).
16
Let o(b) = -b**3 + 6*b**2 - b + 2. Let j = 5 - 2. Calculate the remainder when o(j) is divided by -4 + (2 + -40)/(-2).
11
Let l = -99 - -119. Calculate the remainder when 30 is divided by l.
10
Suppose 4*c + 144 = 2*s, 3*c = 66*s - 69*s + 225. Calculate the remainder when 234 is divided by s.
12
Suppose -83 = 5*d + 4*o - 595, 5*o = 15. Let f(b) = 4*b**3 - 7*b + 15. Let u be f(4). Suppose 5*a - u = -73. What is the remainder when d is divided by a?
32
Let q be (0 - 2)/(6/(-33)). Suppose 0 = q*f - 2*f - 630. What is the remainder when f is divided by 15?
10
Let a(u) = 5*u**3 + u**2 - 2*u - 1. Let r be a(2). Let i be (1 - 9)*(-4 + 1 + -8). Suppose -i = -h - r. What is the remainder when h is divided by 13?
10
Let w(u) = u**2 - u - 6. Let d be w(4). Suppose 4*q - d*q + 24 = 0. Suppose -4*j + 63 = 5*l, 4*l - 23 = -2*j + 1. What is the remainder when j is divided by q?
10
Let o = -440 + 456. What is the remainder when 56 is divided by o?
8
Suppose 7*f + 3*s = 2*f + 1101, -1119 = -5*f + 3*s. Suppose -y = 2*x + x - 96, 0 = 4*y. Calculate the remainder when f is divided by x.
30
Let n = -16 - -27. Calculate the remainder when (3 - -6)/(-3)*(-86)/6 is divided by n.
10
Calculate the remainder when (-92)/230 - (-82)/5 is divided by (10/8)/(2/8).
1
Let q(h) = h + 14. Suppose -2*m = -3*b + m + 30, -3*b + 32 = -5*m. Let j(s) = s**2 + 2*s - 2. What is the remainder when q(b) is divided by j(-5)?
10
Calculate the remainder when (-4)/6*(-1605)/10 is divided by 37.
33
Let n = 2911 + -2734. Calculate the remainder when n is divided by 76.
25
Calculate the remainder when 139 is divided by (-127)/381 - 55/(-3).
13
Suppose -5*r - i + 98 - 3 = 0, -4*i + 57 = 3*r. Let k = 33 + -28. Suppose 4*f - 52 = -2*h, -k*h + 4 = -4*h. What is the remainder when r is divided by f?
8
Let h(f) = -f**2 - 4*f + 5. Let b be 4/(-20) - (-24)/(-5). Let d be h(b). Calculate the remainder when 39 is divided by d/(-2 + -2) + 21.
18
Suppose 2*u + 7 + 9 = 0. Suppose 57 = -3*n + 63. Calculate the remainder when n is divided by u/(-10)*30/12.
0
Let n(s) = 2*s**2 + 19*s + 53. Calculate the remainder when 3122 is divided by n(-9).
42
Suppose -5*h - 120 = -380. Suppose -5*k - 153 = h. Let r = k - -64. What is the remainder when r is divided by 13?
10
Suppose 0 = 4*n - 5 - 15. Let j be 93/12 + n/20. Let t = j + -1. What is the remainder when t is divided by 3?
1
Let z(r) = 11*r**3 - r**2 - 2*r - 1. Let k be -29 - (-1 + 2 + 2). Calculate the remainder when z(2) is divided by (-72)/k*(14 + -2).
25
Let x be 9/(-27) + (-13)/(-3). Suppose -z - 13 = -m, -x*z + 51 = 5*m - 2*z. Suppose -g + m + 3 = 0. What is the remainder when 54 is divided by g?
12
Let c(n) = 2*n**2 - 1. Let o be (-4 - -1)/(3/(-5)). Suppose 0 = 4*u - 2*u, 0 = o*q + 3*u + 10. What is the remainder when 34 is divided by c(q)?
6
Let b(u) = -u**3 + u**2 + u + 8. Let f be b(0). Let z be 6*4/f*1. What is the remainder when 92/8*6/z is divided by 13?
10
Suppose 0 = -0*y + 6*y - 18. Suppose y*o + 4 = 1, 0 = -4*d - o + 43. Suppose 0 = 2*i + 3*i - 160. Calculate the remainder when i is divided by d.
10
Suppose w + 25 = 4*a, -44*a + 43*a + 19 = 4*w. Calculate the remainder when 72 is divided by a.
2
Let u(o) = -17*o - 96 - o**2 + 89 + 3*o + o. Calculate the remainder when 16 is divided by u(-12).
1
Suppose p + 2250 = 19*p. Calculate the remainder when p is divided by 61.
3
Suppose m + 25 - 15 = 0. What is the remainder when (-41)/(5/m*2) is divided by 15?
11
Suppose 88*a + 671 = 99*a. Calculate the remainder when 174 is divided by a.
52
What is the remainder when (-24)/(-32)*-12*(-3 + -20) is divided by 16?
15
Let g be (-11 - 0)*4/4. Let z(p) = -p**3 - 12*p**2 - 12*p - 2. What is the remainder when 35 is divided by z(g)?
8
Suppose -4*s = -2*g - 140, -2*s + s = 5*g - 35. Suppose -5*b + 4*c + s = -c, 3*b - 13 = -c. What is the remainder when 17 is divided by b?
2
Calculate the remainder when 61 is divided by -1*9/((-9)/32).
29
Suppose 7 = 2*m - 5*j - 16, j = -m + 29. Let h = 30 - -88. What is the remainder when h is divided by m?
22
Let k(m) = -m**3 - 4*m**2 - 3*m + 3. Let l be k(-4). Suppose -6*q - l = -11*q. Suppose -q*u + 34 = -32. Calculate the remainder when 63 is divided by u.
19
Let b = 1315 + -1186. What is the remainder when b is divided by 15?
9
Let b = 18 + 2. Let s = 36 - b. Calculate the remainder when s is divided by 6.
4
Suppose -5*q + 482 = 4*w - 1544, -418 = -q - 4*w. What is the remainder when q is divided by 31?
30
Let h(q) = 9*q**2 - 5*q - 1. Let j be h(1). Let d(u) = 2*u**3 - 5*u**2 + 3*u + 1. What is the remainder when 2/7 + 243/7 is divided by d(j)?
16
Suppose 15*a - 1996 = -646. What is the remainder when a is divided by 13?
12
Let f(s) = 13*s + 18. Calculate the remainder when 105 is divided by f(0